5
Suppose -18*a + 59532 = 15*a. List the prime factors of a.
2, 11, 41
Suppose 21 = 5*r - 34. Suppose 3*q - 26 = -4*t + 4*q, r = t + 2*q. Suppose 0 = -f - 2*s + 16, -5*f + 3*s + 56 = t*s. What are the prime factors of f?
2
Let l be ((-16)/20)/((-4)/(-10)). Let y(r) = -4*r - 16 + 13 + 2*r + 3*r**2. What are the prime factors of y(l)?
13
Suppose 16*n = 12*n - 12. Let x be n/(-15) - (-2428)/10. Suppose 0 = 5*p - 3*i - 248, 5*p = -3*i + i + x. List the prime factors of p.
7
Suppose 2*n - 180 = -2*h, 2*n - 5*h - 51 - 101 = 0. List the prime factors of n.
2, 43
Let t(m) = -m**2 - 7*m. Let z be t(-7). Let b = 6 + z. Suppose 0 = -6*x + 3*x + b. What are the prime factors of x?
2
List the prime factors of 2/6*-2 + 5661460/1635.
2, 3, 577
Let a be (1*(-35)/(-15))/((-2)/132). Let x = -92 - a. List the prime factors of x.
2, 31
List the prime factors of (-2867252)/(-620) + 3/(-5).
2, 17
Let b = 447 + -38. What are the prime factors of b?
409
Suppose 3*g = 5*t + 10, -5*t + 0*g - 30 = g. Let q(p) = -2*p**3 - 8*p**2 - 4*p - 1. List the prime factors of q(t).
3, 23
Let h(g) = 9*g**2 - 5*g + 6. List the prime factors of h(-9).
2, 3, 5, 13
Let a(y) = y**2 - 9*y + 3. Let i be a(10). Suppose -2 - i = -3*s. Suppose -4*b + 43 = s*h - 36, -3*b - 3*h = -63. What are the prime factors of b?
2, 13
Let l be 1/(7/3 + -2). Let b(t) = 5*t + 20. Let j(w) = -4*w - 18. Let i(y) = -5*b(y) - 6*j(y). List the prime factors of i(l).
5
Suppose -36*v = -39*v + 24. What are the prime factors of 2570/v + 3/4 + 2?
2, 3
Let j(q) = -5*q - 12. Let o(f) = -6*f - 13. Let i(w) = -5*j(w) + 4*o(w). List the prime factors of i(0).
2
Let w = 933 - 508. What are the prime factors of w?
5, 17
Suppose -49*t + 11674 = -2144. What are the prime factors of t?
2, 3, 47
Let z(j) = 2*j**2 - 4*j + 4. Let l be z(4). Suppose -5*d + 590 = -l. Suppose -d = -5*h + 73. What are the prime factors of h?
3, 13
Let h(v) = 5*v + 1. Let c = 8 - 3. Suppose 0 = -c*n - 5*u + 35, 4*u + u = 3*n + 3. List the prime factors of h(n).
3, 7
Let q(j) = 3*j - 12. Let v be q(8). Suppose 0 = 7*s - v*s + 160. Suppose -b = 3*b - s. What are the prime factors of b?
2
Let o = -14 - -22. Suppose 3*z = o*z. Suppose 4*u - 432 + 136 = z. What are the prime factors of u?
2, 37
Suppose 0 = -3*z + k + 2242, -z - 5*k = -0*z - 742. List the prime factors of z.
3, 83
Suppose 0 = -4*j - 0 - 4, 0 = 3*w + 5*j - 4057. List the prime factors of w.
2, 677
Suppose i + 7*w = 2*w + 132, 15 = -5*w. List the prime factors of i.
3, 7
Let g = -414 - -1371. List the prime factors of g.
3, 11, 29
Suppose -v + 103 = -50. Let l = 55 + v. List the prime factors of l.
2, 13
Let c(r) = -5*r - 7. Let v be c(-2). Let w be (-150)/4*2/v. Let k = 35 + w. What are the prime factors of k?
2, 5
Suppose 3*y = 4*y - 29. Suppose -t + y + 40 = 0. Suppose -3*m = -12 - t. List the prime factors of m.
3
Let i = -335 + 690. What are the prime factors of i?
5, 71
Let i = -20 - -400. Let y = 211 - i. Let c = 243 + y. List the prime factors of c.
2, 37
Suppose 3*r + 0*r = -f + 4954, 2*f - 4*r = 9928. List the prime factors of f.
2, 5, 31
Suppose -2 - 10 = -3*c. Suppose 2*i - 128 = -5*y + 16, c*i = 5*y + 228. What are the prime factors of i?
2, 31
Suppose 0 = 4*q + 2*d - 264, -2*q + 0*d + 4*d + 112 = 0. Suppose 256 = 3*t + q. What are the prime factors of t?
2
Suppose -3*o + 27*o - 22368 = 0. What are the prime factors of o?
2, 233
Suppose 19*a = 29882 + 13286. List the prime factors of a.
2, 71
Suppose -3*f = 3*x - 618, 631 = 4*x + 3*f - 190. List the prime factors of x.
7, 29
Let g be (-1)/(0 - 2/144). Let c = 143 - g. List the prime factors of c.
71
Let p(o) = -7*o + 19. Let c be p(-9). Let v be 1*1/2*c. Let a = -26 + v. List the prime factors of a.
3, 5
Let l = 2 - 5. Let u be (-8)/12 - 59/l. Suppose -4*m - u = -111. List the prime factors of m.
23
Let f(d) = -2*d**3 - 9*d**2 + 19*d - 3. Let w(b) = -b**3 - 4*b**2 + 9*b - 2. Suppose -35 = 6*t + 19. Let x(y) = t*w(y) + 4*f(y). List the prime factors of x(3).
2, 3
Let b be (-5)/20 - 33/12. What are the prime factors of (-10)/15 - 77/b?
5
List the prime factors of (3 + -160)/((-13)/13).
157
Suppose 8*q - 18122 + 5730 = 0. List the prime factors of q.
1549
Suppose 3*r = -2*r. Suppose 4*f + 20 = 3*m, -2*m + 2*f - 4*f + 4 = r. Suppose m*o = -13 + 121. List the prime factors of o.
3
Let q(c) be the third derivative of c**6/60 + c**5/4 + 7*c**4/24 + c**3/2 - 95*c**2. Let h be 2/((-9)/7 + 1). List the prime factors of q(h).
3
Suppose 0 = -2*s + 3*x - 2*x + 88, s - x - 44 = 0. Suppose 5*n - s = -5*b + 476, 3*n + 5*b = 316. List the prime factors of n.
2, 3, 17
Let m = -340 + 770. What are the prime factors of m?
2, 5, 43
Let g(c) = -c**3 + 8*c**2 + 11. Let a(w) = 12*w**2 + w + 9*w**3 + 1 - 13*w**2 - 2. Let l be a(1). List the prime factors of g(l).
11
Suppose 8*o = 1685 + 2203. What are the prime factors of o?
2, 3
List the prime factors of ((-32)/64)/(1/2)*-1851.
3, 617
Let p be 1 + (-3)/(-6)*-4 - -3. Suppose -p*q - 29 - 14 = -l, -5*q + 173 = 3*l. List the prime factors of l.
3, 17
Suppose -5*x = 18 - 98. Suppose 5*i - 4 = x. Suppose i*k + 14 = 118. List the prime factors of k.
2, 13
Let x = 21 - 13. Let u = -5 + x. What are the prime factors of 4 + -2 - (u - 23)?
2, 11
Let c(i) = i**2 + 4*i + 4. Let l(z) = z**2 + 2*z + 2. Let y(n) = -4*c(n) + 9*l(n). List the prime factors of y(-1).
5
Let b(j) = 31*j - 18. Let l be ((-8)/6)/(8*1/(-18)). List the prime factors of b(l).
3, 5
Let f(t) be the first derivative of 2*t**3/3 - 13*t**2/2 + 33*t + 18. What are the prime factors of f(7)?
2, 5
Suppose -39*z - 25 = -44*z. Suppose z*u = 0, 4*x - 4*u + 0*u = 80. List the prime factors of x.
2, 5
What are the prime factors of 8/(-4) + 5 + 172?
5, 7
Suppose 5*p = 11 + 39. Suppose -k - p = -50. What are the prime factors of k?
2, 5
Suppose -2*b + 615 = -d, 0*d - b - 1215 = 2*d. Let x = -300 - d. What are the prime factors of x?
3, 103
List the prime factors of (-1908)/24*16/(-3).
2, 53
Suppose 0 = -3*u - 4*g - 270, 5*g - 199 + 19 = 2*u. List the prime factors of ((-45)/(-6) + -2)/((-5)/u).
3, 11
Suppose o + 4*f = 8*f + 826, 3*f = 3. What are the prime factors of o?
2, 5, 83
List the prime factors of (-54)/(-72) + -5498*(-2)/16.
2, 43
What are the prime factors of (-1)/(4 + 8/((-8688)/4347))?
2, 181
Let u(o) = -11*o**2 + 3*o + 13. Let w(d) = -d + 1. Let f(v) = -u(v) - 6*w(v). List the prime factors of f(3).
89
Suppose l - 2*v - 1088 = -3*l, -v + 544 = 2*l. What are the prime factors of l?
2, 17
Suppose 2*m - 5*f - 68 = 24, -4*f = -2*m + 92. Let k = m + -33. What are the prime factors of k?
13
Let i(a) = 7*a + 19. Let y = -40 + 62. What are the prime factors of i(y)?
173
Let y be 3 + (4 - 0) - 5. Suppose -5*t + 3*l + 494 = 0, -y*t - 285 = -5*t - 2*l. List the prime factors of t.
97
Let g = -1676 + 2710. List the prime factors of g.
2, 11, 47
What are the prime factors of (-6)/13 + (-130970)/(-130)?
19, 53
Let y = 5 - -3. Suppose 0*i = -9*i + 27. Suppose i*s - y = 1. What are the prime factors of s?
3
Let x = -31 - -23. List the prime factors of ((-104)/(-2))/((-4)/x).
2, 13
Let z(w) = 31*w - 76. Let q(r) = -46*r + 114. Let y(f) = -5*q(f) - 7*z(f). What are the prime factors of y(11)?
3, 5, 7
Let y = 88 - 86. Suppose -6*k + y*i = -5*k - 212, 0 = 5*k + 5*i - 1120. List the prime factors of k.
2, 5, 11
Let t = -7 - -18. Let a = 24 + t. Suppose 5*f - 135 = -5*l, -9*l + a = f - 4*l. List the prime factors of f.
5
Let o(u) = 4*u**2 + 15*u + 12. Let w be o(-11). Let f = 474 - w. What are the prime factors of f?
11, 13
Suppose -a + 5*l - 181 = 0, -5*a + 6*a - l = -161. Let r = 33 - a. List the prime factors of r.
3, 7
List the prime factors of ((-606)/2 - 8)/((-4)/16).
2, 311
Suppose o = -7*o + 32. Suppose 4*q + d - 388 = -4*d, 0 = -q - 2*d + 94. Suppose -2*j + 3*j - 36 = -3*i, -2*i - q = -o*j. What are the prime factors of j?
3
Suppose 22*c - 18*c - 12 = 0. Suppose 12 = -3*p, c*y - 5*p - 179 = -0*y. What are the prime factors of y?
53
Let b(y) = -3*y**3 - y**2 - y - 1. Let j be b(-1). Suppose 0 = u - 5 - j. List the prime factors of ((-10)/u)/(3/(-42)).
2, 5
Let d(q) = q**3 - 16*q**2 - 5. Let w be d(16). Let t be w - (-1 + 2 - 3). What are the prime factors of -4 - (-2 - (34 + t))?
29
Let q(r) = 2*r**2 + 13*r - 6. Let s(a) = -a**3 - 24*a**2 + 53*a + 32. Let l